oes 330 divide 46004970?
True
Is 129507180 a multiple of 33?
True
Is 1786661 a multiple of 4?
False
Does 4 divide 5835865?
False
Does 546 divide 90443175?
False
Is 36755356 a multiple of 384?
False
Does 592 divide 69158624?
True
Does 716 divide 2903414074?
False
Is 33218766 a multiple of 21?
True
Is 4867249 a multiple of 2056?
False
Is 252445396 a multiple of 4804?
True
Is 10 a factor of 132260500?
True
Is 155207014 a multiple of 1830?
False
Does 1717 divide 686355297?
True
Is 86721022 a multiple of 11?
False
Does 99 divide 36046854?
False
Is 52729014 a multiple of 169?
True
Is 5830649 a multiple of 13?
False
Does 14 divide 664795698?
True
Is 5 a factor of 29093080?
True
Does 542 divide 77377546?
True
Is 2 a factor of 208925859?
False
Is 23768610 a multiple of 5?
True
Does 9 divide 34281747?
True
Does 34 divide 78322746?
False
Is 68 a factor of 2997348021?
False
Is 42758032 a multiple of 8?
True
Is 1883 a factor of 1464989320?
False
Is 2840287 a multiple of 412?
False
Does 9 divide 101896002?
True
Is 27 a factor of 11758419?
True
Does 13 divide 1146748226?
True
Is 200539798 a multiple of 18?
False
Is 175466528 a multiple of 7558?
True
Is 8 a factor of 4806191984?
True
Does 49 divide 266402391?
False
Is 306696059 a multiple of 306?
False
Is 1799902950 a multiple of 50?
True
Does 7 divide 742883609?
False
Is 1211039569 a multiple of 11?
False
Is 2752 a factor of 1328636130?
False
Is 35291268 a multiple of 60?
False
Is 134791223 a multiple of 839?
True
Does 27 divide 411525629?
False
Does 525 divide 1011339238?
False
Is 530935512 a multiple of 436?
True
Is 1557600 a multiple of 44?
True
Is 242622864 a multiple of 372?
True
Is 1589946993 a multiple of 21?
False
Does 51 divide 1186497150?
True
Is 38 a factor of 4856704?
True
Does 4218 divide 681569295?
False
Does 194 divide 163396428?
False
Does 1212 divide 492391968?
True
Does 29 divide 2787952?
False
Is 437148213 a multiple of 661?
False
Does 22 divide 128360736?
False
Is 9 a factor of 3112279?
False
Is 1160 a factor of 72512760?
True
Is 10347630 a multiple of 30?
True
Is 15 a factor of 172814970?
True
Is 785 a factor of 36446765?
True
Is 5583416 a multiple of 109?
True
Does 128 divide 1816049152?
True
Is 26 a factor of 83630274?
True
Does 188 divide 17588277?
False
Does 1296 divide 11508445?
False
Is 21235770 a multiple of 270?
True
Is 936504 a multiple of 104?
False
Does 3744 divide 109118880?
True
Does 4 divide 59388612?
True
Is 2634 a factor of 1589211572?
False
Does 2297 divide 612867164?
True
Is 174159174 a multiple of 23?
True
Does 7745 divide 4855986160?
False
Does 64 divide 39729152?
True
Is 7572780 a multiple of 182?
False
Does 222 divide 23185586?
False
Does 233 divide 12668711?
False
Is 9 a factor of 3831309?
True
Is 23 a factor of 135472875?
True
Does 160 divide 1211910880?
True
Is 2039521724 a multiple of 3138?
False
Is 187795872 a multiple of 1452?
True
Is 765 a factor of 1270831?
False
Does 141 divide 36119547?
True
Is 24422539 a multiple of 20?
False
Is 106924488 a multiple of 42?
False
Is 686519744 a multiple of 41?
True
Is 20157803 a multiple of 5?
False
Is 69 a factor of 11158269?
False
Is 453779174 a multiple of 37?
True
Does 4395 divide 2614159185?
True
Does 11 divide 27927850?
False
Does 22 divide 94157250?
True
Does 630 divide 57985169?
False
Is 439 a factor of 112717441?
False
Does 1338 divide 610151441?
False
Is 122 a factor of 31091212?
True
Is 200 a factor of 8097517?
False
Is 715057498 a multiple of 824?
False
Is 6 a factor of 2685338?
False
Is 421 a factor of 448391944?
True
Does 62 divide 1296854?
True
Is 286 a factor of 307705823?
False
Is 3736 a factor of 253212993?
False
Is 2171217 a multiple of 16?
False
Is 44 a factor of 586681764?
False
Is 25 a factor of 132142300?
True
Is 33 a factor of 56735073?
False
Is 61 a factor of 33145204?
True
Is 10131209 a multiple of 4?
False
Is 15 a factor of 2962170?
True
Is 1372 a factor of 121437092?
True
Is 3134057192 a multiple of 8?
True
Is 1176532175 a multiple of 119?
True
Does 605 divide 311008115?
True
Is 6 a factor of 911037535?
False
Is 19100575 a multiple of 325?
True
Is 3187652169 a multiple of 6123?
True
Is 17 a factor of 10230889?
True
Is 29 a factor of 9726774?
True
Does 30 divide 60850371?
False
Is 151922238 a multiple of 54?
False
Is 125 a factor of 42000710?
False
Does 243 divide 300284415?
False
Is 4115 a factor of 5789550215?
False
Is 2948100 a multiple of 1860?
True
Does 241 divide 8518282?
False
Is 71 a factor of 525492868?
True
Does 1136 divide 7133024?
False
Is 22932073 a multiple of 76?
False
Is 12 a factor of 39265020?
True
Is 14 a factor of 546783440?
True
Is 66 a factor of 1285373?
False
Is 578 a factor of 11029974?
True
Is 883898969 a multiple of 3268?
False
Is 10 a factor of 7493617?
False
Is 41667041 a multiple of 89?
True
Is 1871 a factor of 478347344?
True
Is 21 a factor of 307413835?
False
Is 723 a factor of 265798659?
True
Does 1724 divide 982116252?
True
Is 27 a factor of 150123618?
True
Is 81233093 a multiple of 37?
True
Is 5 a factor of 97197026?
False
Is 843777789 a multiple of 13?
False
Does 22 divide 4320660916?
True
Is 30 a factor of 1029893580?
True
Is 1885 a factor of 1240081301?
False
Does 4 divide 16382578?
False
Is 3000500293 a multiple of 48?
False
Is 586055 a multiple of 4?
False
Is 29869104 a multiple of 944?
True
Is 263061498 a multiple of 144?
False
Is 5279920 a multiple of 233?
False
Does 14 divide 192835888?
True
Does 1265 divide 38276370?
True
Is 1300544064 a multiple of 576?
True
Is 3 a factor of 468902211?
True
Does 34 divide 3342350416?
True
Does 734 divide 1221096346?
True
Is 243 a factor of 175465440?
True
Is 8335253 a multiple of 17?
True
Does 297 divide 7819763?
False
Does 353 divide 103011401?
True
Is 206 a factor of 743525482?
True
Is 277 a factor of 172858502?
False
Does 502 divide 144112152?
True
Does 26 divide 52655698?
False
Is 3279 a factor of 536285260?
False
Is 3597 a factor of 690922551?
True
Is 3966323274 a multiple of 486?
True
Is 6110248 a multiple of 38?
True
Does 15 divide 85921560?
True
Is 271 a factor of 436153633?
True
Is 15888404 a multiple of 986?
True
Is 39 a factor of 66549592?
False
Is 7778036 a multiple of 179?
False
Does 17 divide 19901118?
True
Does 6 divide 7659096?
True
Does 13 divide 22082034?
True
Is 232829100 a multiple of 2286?
True
Does 310 divide 62049290?
True
Is 74589685 a multiple of 206?
False
Does 3455 divide 40164375?
True
Is 14815262 a multiple of 7?
True
Is 29 a factor of 837839145?
True
Does 12 divide 173684502?
False
Is 365535064 a multiple of 524?
True
Is 22 a factor of 44067188?
True
Does 3 divide 28736688?
True
Does 42 divide 193354350?
True
Does 5 divide 187525988?
False
Does 139 divide 569134805?
True
Does 157 divide 104886048?
True
Is 4 a factor of 1451249908?
True
Is 151 a factor of 9515949?
False
Does 21 divide 25234907?
False
Does 1117 divide 5156072?
True
Does 805 divide 79715125?
True
Is 188816952 a multiple of 10?
False
Does 4 divide 38873975?
False
Does 60 divide 42672240?
True
Does 94 divide 895366262?
True
Is 360466505 a multiple of 437?
False
Does 8 divide 273189896?
True
Is 22 a factor of 2920727276?
False
Does 600 divide 2203526400?
True
Does 443 divide 30256388?
False
Is 44453016 a multiple of 33?
False
Is 1125 a factor of 1858234761?
False
Does 5 divide 98669956?
False
Is 1192841280 a multiple of 960?
True
Is 16 a factor of 235552928?
True
Is 100 a factor of 76948892?
False
Is 138681166 a multiple of 146?
True
Does 29 divide 4292964376?
False
Is 16902556 a multiple of 4?
True
Does 1625 divide 15486250?
True
Does 89 divide 737633691?
True
Does 467 divide 734194517?
True
Is 12710272 a multiple of 87?
False
Is 73012875 a multiple of 663?
True
Does 205 divide 43972667?
False
Is 236 a factor of 226136380?
True
Does 30 divide 1131205887?
False
Is 1260 a factor of 16531200?
True
Is 520 a factor of 12571000?
True
Does 819 divide 21984721?
False
Does 263 divide 363420501?
True
Does 16 divide 758959861?
False
Is 39057510 a multiple of 1194?
False
Is 17 a factor of 2357180413?
False
Does 115 divide 198275330?
False
Is 50832448 a multiple of 8?
True
Is 16 a factor of 116207831?
False
Is 23 a factor of 3414212?
True
Is 6 a factor of 85538292?
True
Is 25517338 a multiple of 191?
False
Is 149644976 a multiple of 104